-1).
5
What is (18 - -1) + (-5 - (8 - 2))?
8
What is -21 + 128 + -129 + (1 - 3) + 2?
-22
-20 + 2 - (66 - (-35 + 93))
-26
Calculate (-107 - -116) + (-4 - (-8 + -4)).
17
What is 1267 + -1254 - (4 + 1)?
8
Evaluate 21 - -1 - (-13 - (-36 - -11 - -18)).
28
What is 8 + -5 + (6 - -5)?
14
Evaluate 5 - 4 - (-2 + 11 - 12).
4
(12 - 7) + -11 + 6 + -10
-10
-21 + 3 - (-1 - -1 - (-46 - -47))
-17
Calculate (27 - (53 + 15)) + 9 + 1.
-31
What is the value of (25 - 2) + -8 + (-3 - 14)?
-2
Calculate 489 - 486 - ((2 - 0) + (3 - 0)).
-2
What is the value of -13 + 0 - (-23 + 17 + 3)?
-10
Evaluate -7 + 23 + -6 + (-4 - 3 - -6).
9
What is 28 + -35 + -18 - -15?
-10
What is 6 + (20 - (-1 - -14))?
13
10 + (-8 - (16 - (2 + -6)))
-18
What is the value of 4 + (-9 - (-7 - -13)) + 3?
-8
Evaluate -1 - 6 - -12 - 3.
2
-32 + 66 + 1 + -32
3
Evaluate -14 + -4 + 16 - (19 + (-1 - 0)).
-20
What is 10 + 5 + (-1 + -9 - (-30 + 24))?
11
What is the value of 1 + (-7 - (4 + -6)) + 13 + 4?
13
What is -28 + (12 - (28 + -23))?
-21
Calculate -13 - -7 - (-8 - 5) - 3.
4
What is (2 - (10 - 7)) + -7?
-8
Evaluate -59 + (13 - 14 - -33).
-27
-24 + 2 + (-10 - (-51 + 25))
-6
Evaluate -10 - (17 + -8 + -2 + -4).
-13
Evaluate 5 - (2 + 2 + -2 + -7).
10
What is the value of 42 + -73 - (-13 + 7)?
-25
Calculate (-362 + 360 - (-13 - (1 + 0))) + -24.
-12
Calculate 0 + (-9 + 5 - -9) + 3.
8
-2 + 2 - (-156 + 147)
9
(-1 - 3 - -1) + (-67 - -72) + -5
-3
Evaluate 4 - (4 + -2) - (0 + 27 - 10).
-15
-28 + 0 + (22 - (1 - (-15 + 2)))
-20
Evaluate -2 + 5 + 157 + -135.
25
What is 7 - (2 + -2 - 3)?
10
18 - (-6 - (-32 - -34))
26
What is the value of -6 + (-21 - -30) - 13 - (-2 - 40)?
32
What is 12 + 1 + -6 + (-8 - -1) + 3?
3
Calculate -9 - (-23 + -4 + 14 + 2).
2
What is the value of 12 - (-4 - (2 - 13 - 1))?
4
What is 0 - ((1 - 1) + 11 + -5 - -1)?
-7
Calculate -13 + 24 - (26 - 7).
-8
Calculate (-47 - -17) + 58 + -10 + 2.
20
Calculate -1 - (-3 - -3) - (0 - (-9 - 5)).
-15
Calculate 2 + (-12 - (-12 - -9)) - (0 - 0).
-7
What is the value of -3 + (9 - 5 - 10 - -7) + 7?
5
Evaluate 5 - (-18 + 6) - 33.
-16
What is -1 + 15 - (2 + -4 + 8)?
8
What is the value of 25 - (-10 + 37) - 27?
-29
7 - (-2 - (-7 - (4 + -12))) - -8
18
What is 1 + -9 - (-24 - -15) - (1 + -5)?
5
40 - 6 - (111 + -80)
3
Calculate -28 - (-67 - -9 - -15).
15
-5 + 18 + (0 - 16)
-3
-7 + 2 + -3 - (2 + -6 - -1)
-5
Evaluate 1 + (-131 - -111) + (0 - 5).
-24
Calculate -14 + 4 + 7 + (1 - 2) + 4.
0
What is -8 - 1 - (-117 + 99 + -7 + 1)?
15
Evaluate (-5 - 3 - 2) + 2 + -7.
-15
Calculate 13 - (18 - (-1 + 14 + -2)).
6
What is (-5 - (-6 - -10 - 2)) + -1 + -1?
-9
20 - (12 - 11) - 18
1
What is 42 + 8 + 20 + -48?
22
Calculate 33 + (17 - 41) - (17 + 0).
-8
What is 9 - (19 + 2 + -6)?
-6
What is the value of 21 + 6 - (-3 - -42)?
-12
Evaluate (1 - -10) + -1 - (16 + (-3 - 8)).
5
-2 - -2 - (-6 - 1)
7
What is (-12 + 9 + 0 - (5 - 9)) + 5?
6
-25 + 11 + 13 - (0 + 0)
-1
Evaluate 0 + -11 + (-3 - -7 - 12).
-19
Calculate (1 - 0) + 0 + (-4 - (-3 - 6)).
6
Calculate (-28 - -13) + 0 + 1 - -5.
-9
Evaluate 16 + -4 + -7 + 0.
5
What is (3 + -6 - (1 + 0)) + (57 - 62)?
-9
What is the value of -1 + (-16 - -11) + (-5 - -2) + 13?
4
-3 + 11 + (17 - 14) + 4
15
-17 + 19 + -8 + -2
-8
What is 15 - (-2 - -14) - -10?
13
Evaluate (5 - 16) + -4 + 5 + (2 - 2).
-10
(-8 - (-1 - -2 - 6)) + -4
-7
7 + (13 - -1) - (10 - 1)
12
-20 + (-10 - -32) - -3
5
What is 0 + (-8 - (-22 - -6)) + -2?
6
Calculate (-2 - (3 + (-3 - 3))) + -50 + 64.
15
What is the value of 0 - -2 - (11 - (-3 - 6) - 14)?
-4
What is (-5 - (-1 - 11)) + (-2 - 3 - -2)?
4
Calculate -5 - (9 - (0 - (5 - (-14 + 7)))).
-26
Calculate 68 - 74 - (1 + 3) - -15 - -3.
8
-13 + 38 + -8 - -16
33
What is the value of -13 + 1 + 22 + -2?
8
Evaluate -8 + 0 - (0 + 2 + -3).
-7
What is the value of (5 + 8 - 7) + (-6 + 3 - -3)?
6
What is the value of (-3 + 10 - -1) + -6 + (-5 - -1)?
-2
Evaluate -20 + 15 - (-1 + -19).
15
(-37 - -1) + -51 + (134 - 68)
-21
6 + -11 + 12 + 4
11
Evaluate -3 - 22 - (180 + -206).
1
-10 + 1 - (14 + 2 + -1 - 1)
-23
(-8 + 3 - (-6 - -4)) + -1
-4
-4 - (27 + (13 - 16))
-28
What is the value of (1 - (7 - 5)) + -13 + (8 - 3)?
-9
What is -18 - 2 - (-267 + 245)?
2
Evaluate (10 + -5 - -10) + -11 - -4.
8
What is -8 + (0 - 3 - -2) + -50 + 70?
11
What is 34 + (-77 - -8) - (0 - 3)?
-32
Evaluate (13 - (11 + -7)) + 5.
14
Evaluate 16 + -13 + -24 + 1 + 1.
-19
Calculate 5 + (-15 - 10 - -1).
-19
2 - (-9 + 7 - -15)
-11
What is the value of 8 + -3 + 11 + -14?
2
-5 - 3 - (-73 + 88)
-23
What is 34 + 17 + (-25 - 9)?
17
0 + 13 - (-163 - -163)
13
Evaluate -1 - ((7 - 3) + (3 + 0 - 3)).
-5
What is -1 - (4 - 7) - -11 - -6?
19
Calculate -5 - 22 - -15 - -21.
9
Calculate (2 + -4 + -3 - -1) + 5 + 1.
2
Evaluate 17 + (7 - 28) + (-14 - (-1 - 2)).
-15
What is the value of (68 + -58 - (26 + -2)) + -3?
-17
What is the value of -2 + 1 - (-24 + (-10 - -40)) - 24?
-31
Evaluate (-3 - (5 + -6) - -10) + -13.
-5
26 - (-12 - (-3 - -7 - 12))
30
Calculate 6 + (0 - 0) + -209 + 198.
-5
-32 + (-7 - 2 - (-9 + 2 - 4))
-30
What is the value of -5 - (-15 - -12) - (3 - 5 - -14)?
-14
Calculate 14 + 21 + 22 + -70.
-13
What is the value of (2 - 38) + 33 - ((9 - 0) + 0)?
-12
What is (10 - 4) + (-149 - -120)?
-23
What is the value of -5 - -2 - (5 + -4) - -5?
1
Evaluate 3 + 33 + 253 + -268.
21
Calculate 26 + (-6 - (-22 + 32)).
10
Evaluate 6 + (-15 + 25 - 28).
-12
Calculate -3 - (0 - (4 + -6 + 15)).
10
What is the value of 11 + -6 + (-6 - (10 - 8))?
-3
9 + (9 - 13 - -9)
14
What is the value of 10 - (22 + 6) - (5 + 3 - 6)?
-20
What is the value of 31 + -57 - (-11 + -5)?
-10
Evaluate 1 + (-19 - -29) - (0 + 2).
9
Calculate 7 + -4 - (5 - (-6 - -21)).
13
0 + 12 + -1 + 11 + -7 + -7
8
What is the value of -8 + -9 + 5 + -4 + 6?
-10
What is (23 - 35) + 6 + -9?
-15
What is -7 + (4 - -4 - (2 - 16 - -6))?
9
What is the value of -4 + (-32 + 33 - ((-2 - 20) + 2))?
17
Evaluate -1 + (6 + -12 - -3 - -4) - -8.
8
Evaluate -3 + (6 + 1 - -14).
18
-1 + -3 - (-27 + 44 + -9)
-12
What is the value of 162 + -142 - (-10 + -2)?
32
Evaluate 3 + -8 - (5 - (2 + -8 - 8)).
-24
Evaluate (-10 + 17 - 10 - -17) + -22.
-8
10 + (-4 - ((9 - 4) + -6))
7
Calculate (-20 - 14 - -42) + (-2 - 1) + -2.
3
Calculate -37 + 31 + 13 + -27.
-20
Calculate 16 + -28 - (-48 + 8).
28
Calculate 26 + -43 - (4 + -6 - 4).
-11
What is the value of -6 + (-22 - (22 - 51))?
1
What is the value of 2 + (-18 - (9 + -23))?
-2
What is the value of 13 + -14 - (-2 - -6) - (22 - -1)?
-28
What is the value of (-12 - -1) + (27 - (19 - -3)) + -25?
-31
Calculate (-67 - -34) + 33 - (9 + 1).
-10
What is -53 - -47 - (1 + 7)?
-14
Calculate 2 + -6 + 1 + 3 + -6 + 2.
-4
What is the value of (-16 + 9 - -9) + -5 + -1?
-4
-7 - (-9 + (11 - 5))
-4
What is the value of 15 + -5 + (2 - 4) - 3?
5
(-14 - (-25 + 14 + -2)) + -24
-25
What is 19 + (16 - 10) + 1 + -8?
18
26 + (-12 - -6) + -28
-8
What is the value of 3 + (0 - (-1 + 12) - (-23 - -22))?
-7
-2 - (5 + (8 + -4 - 3) - 36)
28
Calculate -131 + 125 - (4 + -24).
14
Calculate -14 + -28 - (-4 - 39).
1
What is the value of 14 + -12 - (-2 - 1) - (29 + -9)?
-15
Evaluate (15 + -15 - 13) + 17.
4
Evaluate -5 + (14 - 17 - 2) + -8.
-18
Evaluate 5 + (24 - (11 + 2)).
16
What is -10 + (24 - (15 - 4))?
3
Calculate 5 - (17 + 5 + -29).
12
Evaluate 1 - ((2 - (9 + 1)) + 9).
0
What is the value of -63 - -32 - (-7 - (2 + -1))?
-23
What is -21 + (231 - 231) + (1 - -1) + -7?
-26
What is 0 + (-2 - (2 + 1)) + (51 - 39)?
7
Calculate (21 - 13 - 8) + 12.
12
Evaluate -11 + 3 - (2 - (3 - 1) - -6).
-14
Calculate 19 + (58 - 46) - ((-4 - -3) + -1).
33
Evaluate 5 + -3 + -12 + 1 + 7 + -4.
-6
What is the value of 134 + -135 - (10 + -1 + 2)?
-12
What is 8 + (4 - (-6 - -7 - -7))?
4
What is the value of (2 - 0) + 4 + -6 + (-68 - -70)?
2
Calculate (69 - 68 - (-1 + 12)) + 5 + -7.
-12
Calculate -11 + (-9 + -5 - -12).
-13
What is the value of 9 - 11 - (-3 - -2 - (-3 - -8))?
4
Calculate -1 + -4 - (-53 - -47).
1
Evaluate 0 + -26 + 16 + 15.
5
Calculate 29 + 34 + -12 + -28.
23
What is (29 - 40) + 6 - -6?
1
Evaluate 9 - 12 - (-1 + 5) - -13.
6
-7 + (7 + 2 - 3)
-1
What is 6 - (-2 + (10 - 1 - 11) + 1)?
9
What is 0 - (-4 + 2 + -1) - (-68 + 87)?
-16
What is the value of 16 + -6 + (-2 - 10) + 9?
7
((-17 - -24) + 5 - 31) + -1 + 3
-17
What is the value of (2 - (3 - -6 - 21)) + -3?
11
What is 7 + -3 + 8 + -4 + -3 - 15?
-10
Wh